t s be 3 + (-4 + 5 - 2). Suppose 1 = -l + s. Calculate the greatest common divisor of 1 and l.
1
Suppose -5*v - j - 5 + 39 = 0, 4*j = -4. What is the greatest common factor of v and 35?
7
Let g = 10 - 6. Suppose 4*c = -16, 3*s - 12 = -s + c. Let w(o) = 19*o - 2. Let q be w(s). Calculate the highest common divisor of g and q.
4
Suppose 12*n - 402 = 174. Suppose 0*c = -4*p + c + 48, -2*c - 24 = -2*p. Calculate the greatest common divisor of p and n.
12
Let y be ((-15)/2 - -1)*-24. Let z = -51 + y. Suppose -4*l - z = -809. Calculate the greatest common factor of l and 16.
16
Let q(y) = -8 - 3*y + y + 4*y. Let v be q(6). Let a be ((-4)/(-10))/(v/320). What is the greatest common factor of 80 and a?
16
Let p = -136 - -306. Calculate the highest common divisor of p and 17.
17
Let x = 36 - 31. Suppose -5*i - 2*v + 3 - 6 = 0, 19 = 3*i - 4*v. What is the greatest common divisor of x and i?
1
Let a = 143 + -77. Suppose -2*n = -0*n - a. Suppose 5*f = -b + 105, 2*b = 6 - 16. What is the highest common factor of n and f?
11
Let c = 13 + 4. What is the greatest common factor of 34 and c?
17
Suppose 5*n = -14 + 4. Let d be (5/n)/(-5)*6. Suppose 2*a + 3*h + 7 = 0, -3*h + 0 = d*a + 3. What is the highest common divisor of 28 and a?
4
Let k(z) = z + 18. Let t be k(-14). Suppose -2*s + t*s - 44 = 0. Suppose -4*p + 26 = -s. Calculate the highest common divisor of 96 and p.
12
Let w be (-318)/(-10) + 5/25. Suppose -p = -a + 7, -18 = -2*a - 5*p + 3. Calculate the greatest common divisor of w and a.
8
Let o = 18 + -8. Let p(m) = m**2 - 9*m + 15. Let c be p(9). What is the highest common factor of c and o?
5
Let r = -11 + 45. Let z(l) = 3 - 143*l - 1 + r*l. Let t be z(-2). Calculate the greatest common factor of 20 and t.
20
Let f(i) = 103*i**2 + 3*i - 2. Let q be f(5). Let s be (-2)/(-9) + q/18. What is the highest common factor of s and 16?
16
Let o be 2 - (112/(-4) - -2). Calculate the highest common divisor of 14 and o.
14
Suppose 2*g + 2*g + 45 = -u, -35 = 2*g + 3*u. Let l = g + 24. Calculate the highest common divisor of l and 42.
14
Suppose -41 - 34 = -2*g - 5*o, -3*g - 3*o + 90 = 0. Let f = 17 - 12. What is the greatest common factor of g and f?
5
Suppose -u + 21 = -5*p, -2*p + 7 + 7 = u. What is the highest common divisor of 128 and u?
16
Let u = 182 - 117. Suppose 11*f - 10*f = u. What is the greatest common factor of 13 and f?
13
Let u(f) = f**3 - 6*f**2 - f + 8. Let d be u(6). Let m be 12/(-2)*(-5)/d. What is the highest common factor of m and 6?
3
Let p be (-78)/(-9) - (-2)/6. Let h be (-6)/p - (-106)/6. Let t(f) = -21*f - 7. Let y be t(-6). Calculate the greatest common divisor of h and y.
17
Suppose -13*z = z - 2800. Calculate the highest common factor of z and 40.
40
Let f = -34 - -55. What is the greatest common factor of 63 and f?
21
Suppose 0 = -2*u + 3*d - 9, -5*u + 2*d = d + 16. Let a be -4*(u/(-6) - 1). Calculate the highest common factor of a and 14.
2
Suppose -2*d + 44 = -16. What is the highest common divisor of 15 and d?
15
Suppose -3*x = -45 - 63. Let v be 2*-2*(-12)/2. What is the greatest common factor of v and x?
12
Suppose 0 = -4*z + 2 + 18. Let f = 10 - -12. Suppose -5*t = -103 - f. What is the greatest common divisor of t and z?
5
Let b(t) = -1 + 2*t**2 + t - 5*t**2 + 3 + t**3. Let m be b(3). Let g be (1/2)/(m/100). Calculate the highest common divisor of 5 and g.
5
Let k(u) = u**2 - 3. Suppose n + 4 = 4*i, -n - 3*n + 10 = -3*i. Let y be k(n). Calculate the greatest common divisor of 26 and y.
13
Let g be 3 + (-2 - (-4 + 2)). Calculate the greatest common factor of 9 and g.
3
Let h = 30 + -21. Suppose -3*t = -m - 724, 4*t + 0*t + 5*m - 959 = 0. Let p = t + -169. What is the highest common divisor of p and h?
9
Let l = -17 + 32. Let m = -12 + l. What is the highest common divisor of m and 15?
3
Let z be (-7 - (-95)/10)/((-1)/(-6)). What is the greatest common divisor of z and 40?
5
Let x(j) = j**2 - 5*j + 5. Suppose 2*h + 2*h = 16. Let p be x(h). Suppose -8 = 4*y, -t - 3*y = -11 - p. What is the highest common factor of 36 and t?
18
Let w = 11 + -9. Suppose -v = -2*m - 3*m + w, -4*v = -4*m - 8. What is the greatest common factor of m and 1?
1
Let m(d) = -d. Let y be m(-2). Suppose -y*w = -1 - 7. Suppose 0*z = -w*z + 24. What is the greatest common divisor of z and 54?
6
Let q = -19 - -33. What is the greatest common divisor of q and 14?
14
Suppose 4*p = 3*r - 114 + 303, 2*p - 101 = -5*r. Let a be -20*(0 - 16/10). What is the greatest common divisor of p and a?
16
Let b = 33 + 12. Let z(r) = r**3 + 7*r**2 + 3*r - 3. Let g be z(-6). What is the greatest common factor of b and g?
15
Suppose 0*d = -3*v - 3*d + 36, 0 = v - 4*d - 22. Suppose g = 2*g. Suppose g = 3*w - 6*w + 462. Calculate the greatest common factor of w and v.
14
Let j(t) = -t**2 + 8*t + 9. Let d be j(9). Suppose d = f + f - 8. Suppose 4*x + f = 164. What is the greatest common factor of 10 and x?
10
Let m = -44 + 57. What is the greatest common factor of 117 and m?
13
Let s(y) = 3*y - 1. Suppose -5*z = -r + 6*r + 15, 0 = 5*z + 2*r + 9. Let a be s(z). Let v be 1 - -12 - a/(-4). Calculate the highest common divisor of v and 6.
6
Suppose -2 = 2*a - 0, 0 = -4*b - 2*a + 98. Let w = b - 8. What is the highest common divisor of w and 153?
17
Let v(o) = 2*o**2 + 4*o - 7. Let c be v(-5). Let p = c - 16. Let t be (4 + -1)*5/15. What is the highest common factor of t and p?
1
Let a be (12/10)/((-2)/(-10)). Let w = 14 - a. Let p be -2 + (-1 - 0) + 11. Calculate the highest common factor of p and w.
8
Let z = -84 - -164. Let p be (-1)/((-2)/20) + 0. What is the highest common divisor of z and p?
10
Let j = -1 - 0. Let o = j + -4. Let t(s) = s**3 + 5*s**2 - 2*s - 2. Let y be t(o). What is the highest common factor of 2 and y?
2
Let p be (-5 - 52/(-8))*(6 - 2). What is the greatest common factor of p and 12?
6
Suppose 0 = 4*i + 2*d + 224, i + 4*d + 100 = -i. Let z = i + 118. Let s(j) = 12*j**2 + j - 1. Let p be s(1). What is the greatest common divisor of z and p?
12
Let f = -35 - -38. What is the highest common factor of 48 and f?
3
Let j = -21 + 40. Suppose 2*t = t + 31. Let h = t - j. Calculate the highest common divisor of h and 24.
12
Let k(m) = 11*m + 2. Let l(g) = 1. Let q(h) = k(h) - l(h). Let v be q(12). What is the greatest common divisor of 19 and v?
19
Suppose -1 = -s + 32. What is the greatest common divisor of s and 3?
3
Let u(q) = 9*q + 8. Let c be u(4). Calculate the greatest common divisor of 4 and c.
4
Let i(p) = -p**3 + 5*p**2 + 2*p - 4. Let x be i(-4). Calculate the highest common factor of x and 12.
12
Suppose r + 2*f - 28 = 0, 4*f - 3 = 1. Suppose 0 = -0*c - 3*c - 5*p + r, 4*c - 5*p - 23 = 0. Calculate the greatest common factor of c and 77.
7
Suppose 60 = k - 6. Suppose -2*b = 5*s - 84, -5*s + s = b - k. Calculate the highest common divisor of s and 4.
4
Let h(m) = -18*m - 12. Let f be h(-6). Calculate the greatest common divisor of 12 and f.
12
Let p = -3 + 2. Let b(c) = -12*c**3 - c - 1. Let s be b(p). What is the highest common divisor of s and 48?
12
Let n be -3*(-22)/6*-3. Let y = 57 + n. Calculate the highest common divisor of 96 and y.
24
Suppose 4*p + 3337 = 2*o + 3*o, 2*o = -p + 1327. Suppose -5*m + 5*l = -o, -3*m + 247 = 5*l - 112. What is the greatest common divisor of m and 16?
16
Let s = 107 - 47. Suppose 0 = 5*x - 0*p - 2*p - 50, -5*x + p = -55. Calculate the highest common factor of s and x.
12
Let i(m) = m**3 + 9*m**2 + 12*m + 21. Let g be i(-6). What is the highest common factor of 38 and g?
19
Let q(z) = -3*z**3 - 4*z**2 - 2*z + 2. Let d be q(-2). Suppose 30 + 55 = 2*v + b, -3*v + 130 = 4*b. Calculate the greatest common factor of v and d.
14
Suppose 4*v - 168 = v. What is the greatest common divisor of 14 and v?
14
Suppose 4*c - 8*a + 7*a = 717, -3*c + a + 537 = 0. Calculate the highest common factor of c and 20.
20
Let y = 43 + -40. What is the greatest common factor of 24 and y?
3
Let l(i) = 3*i**3 - 25*i**2 + 2*i - 14. Let s be l(10). Calculate the highest common divisor of 46 and s.
46
Let b = 15 + 7. Let d be 2 + (-3 + -24)/3. Let q = 29 + d. What is the highest common factor of b and q?
22
Let o be (6/(-12))/((-2)/(-24)). Let n = o + 10. What is the highest common factor of 4 and n?
4
Suppose -5*x - 2*w + 15 = 0, 12 = 2*x + 2*x + 5*w. S